s 1 + 26a57?
26a58
In base 16, what is -fe7 + 8?
-fdf
In base 8, what is -30 + -3132?
-3162
In base 2, what is -10000011 + -1011000?
-11011011
In base 14, what is -22 + -7940c?
-79430
In base 12, what is 216 - 553?
-339
In base 4, what is -1311 + 3013?
1102
In base 12, what is b5b6b - 4?
b5b67
In base 16, what is 6643 - 2?
6641
In base 4, what is 13000 + 2031?
21031
In base 2, what is -10110101000111110 + 10?
-10110101000111100
In base 8, what is -2 - -37642?
37640
In base 16, what is -dac + -9e?
-e4a
In base 4, what is 10232023110 + -11?
10232023033
In base 13, what is 11 - -aca?
b0b
In base 4, what is 1030031 + -3?
1030022
In base 5, what is -123330 - 24?
-123404
In base 9, what is -430 + 836?
406
In base 13, what is 11 - b8a3?
-b892
In base 10, what is 13951 - 341?
13610
In base 6, what is 130501 - 411?
130050
In base 3, what is -21222021112111 + 10?
-21222021112101
In base 2, what is 1 + 11001000110110?
11001000110111
In base 9, what is -83 - -748?
655
In base 4, what is 11213232 + -32?
11213200
In base 5, what is -412412 + -23?
-412440
In base 15, what is -ad - -1c?
-91
In base 8, what is 363 + -12224?
-11641
In base 11, what is -24592 + 4?
-24589
In base 12, what is 69 + -2bb5?
-2b48
In base 7, what is -10615 + -603?
-11521
In base 11, what is -108 + 920?
813
In base 11, what is 1 + -5a33?
-5a32
In base 12, what is -6 - 1aba6?
-1abb0
In base 7, what is 1 + -2251601?
-2251600
In base 4, what is 1101133 + 10?
1101203
In base 15, what is 504 + 2d?
532
In base 6, what is 2 + 1534135?
1534141
In base 6, what is -2333341 + -1?
-2333342
In base 4, what is 23 + -233110203?
-233110120
In base 6, what is 2131 + -54?
2033
In base 11, what is 12976 + -12?
12964
In base 16, what is -2 - -c9ba?
c9b8
In base 7, what is 2143 - 5163?
-3020
In base 2, what is 1001110 + 1100001101100?
1100010111010
In base 11, what is -5 - 13a037?
-13a041
In base 7, what is -2 - 1010356?
-1010361
In base 10, what is -874177 - 0?
-874177
In base 14, what is 5 - 4785?
-4780
In base 5, what is -12 - -14143?
14131
In base 4, what is -11100000 + 30?
-11033310
In base 12, what is 5 + 93300?
93305
In base 6, what is -21233 - 40?
-21313
In base 13, what is 239 + 1b2?
41b
In base 5, what is 342303 - 202?
342101
In base 9, what is -3163 - -32?
-3131
In base 9, what is 22717 + 53?
22771
In base 2, what is -1001001011 + 1100011?
-111101000
In base 15, what is 1c0 + -14e?
71
In base 13, what is 1 - a47b?
-a47a
In base 8, what is 45163 - 3?
45160
In base 8, what is -3 - -244466?
244463
In base 6, what is -134 - -14032?
13454
In base 12, what is -11303 - 0?
-11303
In base 9, what is 1302636 - -4?
1302641
In base 11, what is -38441 - -31?
-38410
In base 3, what is 10201 + -21000212?
-20220011
In base 16, what is 1 + 6532?
6533
In base 11, what is 882a + -16?
8814
In base 12, what is 166 + -638?
-492
In base 6, what is -41 - -22552?
22511
In base 8, what is -1 + -170757?
-170760
In base 3, what is -2002000 - -101011?
-1200212
In base 5, what is -2241102 + -3?
-2241110
In base 3, what is -100112220 - -12?
-100112201
In base 11, what is 3 - -220842?
220845
In base 6, what is 2 - -3140141?
3140143
In base 4, what is 10310 - -3303?
20213
In base 5, what is -234 - -1120?
331
In base 11, what is -6 - -233849?
233843
In base 9, what is -1 + -63320?
-63321
In base 4, what is 222021201 - 1?
222021200
In base 2, what is 1001100010001110111 - -11?
1001100010001111010
In base 10, what is -69165 + 46?
-69119
In base 12, what is 5 - -55a8?
55b1
In base 5, what is -223 - -1021441?
1021213
In base 7, what is 251 + 16441?
20022
In base 8, what is -222 + 403?
161
In base 5, what is 114443 - -1322?
121320
In base 11, what is -11a - -1546?
1427
In base 4, what is 112213 - 2231?
103322
In base 4, what is -22032 - 10020?
-32112
In base 6, what is -1 + -110531?
-110532
In base 13, what is -9 - 16769?
-16775
In base 15, what is 6 + 361?
367
In base 4, what is 2300112120 + -12?
2300112102
In base 8, what is 2025 + -2140?
-113
In base 7, what is 144 + -311654?
-311510
In base 6, what is 143544 + 233?
144221
In base 4, what is -12 - -212112131?
212112113
In base 9, what is -3 + -1455718?
-1455722
In base 7, what is -6132 - 164?
-6326
In base 2, what is -101111000110010001111 + -10?
-101111000110010010001
In base 2, what is 110 - 1011100100100?
-1011100011110
In base 6, what is -220245 + 1?
-220244
In base 10, what is 24 + -3205?
-3181
In base 4, what is 330 - 122221?
-121231
In base 5, what is 4 - 212324?
-212320
In base 7, what is 4545104 + -2?
4545102
In base 10, what is -2 + -2578?
-2580
In base 15, what is 1 - -32be?
32c0
In base 12, what is 277 - 9a6?
-72b
In base 7, what is 4310 + 65?
4405
In base 4, what is 3 - 30310201?
-30310132
In base 12, what is 1 + 8a2a?
8a2b
In base 4, what is 10 + 331003330?
331010000
In base 8, what is 63222 + -12?
63210
In base 10, what is 163 - -127?
290
In base 7, what is 14 + 12306?
12323
In base 15, what is 70b - -88?
794
In base 4, what is -21033331 - 2?
-21033333
In base 10, what is -4 - -259865?
259861
In base 14, what is 712 + -d5?
61b
In base 10, what is 41596 + -1?
41595
In base 2, what is 10000 + 101010?
111010
In base 12, what is 231 - -278?
4a9
In base 15, what is 48d97 - b?
48d8b
In base 3, what is -222202010 - -21?
-222201212
In base 3, what is 12 - 120211110?
-120211021
In base 12, what is 13527 + -a0?
13447
In base 10, what is 195519 - -8?
195527
In base 2, what is -10111110010001011111010 - -10?
-10111110010001011111000
In base 10, what is 4781 + -230?
4551
In base 16, what is -19d0 - -20b?
-17c5
In base 13, what is 32a5 + -7?
329b
In base 11, what is -2395 + -166?
-2550
In base 9, what is 4414 - -1214?
5628
In base 9, what is -30 - 64850?
-64880
In base 12, what is -2 - b684?
-b686
In base 4, what is -30222 - -1333133?
1302311
In base 4, what is 221110003 - -2?
221110011
In base 11, what is -151731 + -4?
-151735
In base 9, what is 1738 - 174?
1554
In base 7, what is -11461 + -12?
-11503
In base 4, what is 1 - 13322103?
-13322102
In base 13, what is -6982 + -5?
-6987
In base 4, what is 2 - -2223211?
2223213
In base 15, what is -d4a + 0?
-d4a
In base 8, what is 4672 + -44?
4626
In base 11, what is -85269 + 35?
-85234
In base 9, what is -3 + -13475?
-13478
In base 13, what is -5a1 + 214?
-38a
In base 16, what is 0 + -b634?
-b634
In base 3, what is -2 - 1012001220?
-1012001222
In base 8, what is -2243747 + 2?
-2243745
In base 16, what is 5984f2 - -2?
5984f4
In base 16, what is -70c51 - 1?
-70c52
In base 14, what is 51399 + -3?
51396
In base 2, what is 1011111 + 100100010100?
100101110011
In base 14, what is c6b6 + 4b?
c723
In base 14, what is -1 + -1c3b6?
-1c3b7
In base 5, what is 311311000 + -3?
311310442
In base 11, what is 49a127 + -4?
49a123
In base 10, what is 24 - 3722?
-3698
In base 3, what is 212 - 21010012?
-21002100
In base 6, what is -13 + -33030?
-33043
In base 12, what is 169a - -2?
16a0
In base 6, what is -113355 + 0?
-113355
In base 10, what is 30738 - -1?
30739
In base 4, what is 1 - -2323331120?
2323331121
In base 4, what is -2233 - -10000103?
3331210
In base 9, what is -31508 - -5?
-31503
In base 5, what is -11134203 - -1?
-11134202
In base 13, what is -4a + -1267?
-12b4
In base 2, what is -10001111 + 10001?
-1111110
In base 8, what is 432 - 777?
-345
In base 13, what is -25bc756 - -2?
-25bc754
In base 10, what is 18508 - -2?
18510
In base 4, what is 11 - -12033222?
12033233
In base 4, what is 13 - -33222231?
33222310
In base 6, what is -111423542 + 1?
-111423541
In base 2, what is -11 - 1001100101100110?
-1001100101101001
In base 10, what is -41198 - -3?
-41195
In base 10, what is -27524 + -7?
-27531
In base 4, what is 123232311 + 0?
123232311
In base 9, what is -3130 - 4?
-3134
In base 8, what is 1466 + 0?
1466
In base 6, what is 1 - -412402?
412403
In base 11, what is 2341 - 2?
233a
In base 9, what is 3 + -12833?
-12830
In base 12, what is -67 - -21756?
216ab
In base 2, what is -100 + 100101101011111?
100101101011011
In base 3, what is 12 + 2111201?
2111220
In base 11, what is -41a + -262?
-681
In base 13, what is -ac3795 + 0?
-ac3795
In base 4, what is 232 + 2011312?
2012210
In base 3, what is -1012020 - -100100?
-211220
In base 3, what is -21121200 - 100?
-21122000
In base 8, what is -2 + 3506410?
3506406
In base 2, what is -100001100 - 111